 - 2. Let f be m(-7). Suppose -20 = 3*g + 43. Let b = g + f. What are the prime factors of b?
2, 3
Let z be (-25)/(-15) + 1/3. Suppose -2 = -z*a + a. List the prime factors of a.
2
Let v = -11 + 7. What are the prime factors of -2 + (-2 - v) + 19?
19
Let i(w) = 2*w**3 - 3*w**2 + 2*w. Let q be i(2). Suppose 2*v = 3*v - q. List the prime factors of v.
2
Let g be ((-36)/16)/(1/(-4)). Let l(i) = i**3 - 8*i**2 - 6*i - 11. List the prime factors of l(g).
2
Let h = -23 + 62. List the prime factors of h.
3, 13
Suppose 3*r - 2*r = 0. Suppose r = 4*t - 4 - 0, 0 = -d + 4*t + 27. Let y = d - 14. What are the prime factors of y?
17
Let v(l) = 4*l + 19. Let r(m) = m + 6. Let g(p) = -7*r(p) + 2*v(p). Let b be g(0). Let o = b - -9. What are the prime factors of o?
5
Let d = 28 - 11. Let p = d - 15. List the prime factors of p.
2
Let w(n) = -4*n + 6*n + 2*n + 0*n**2 + n**2 - 7. Suppose 6*l = 3*l - m - 19, 0 = l + 2*m + 8. What are the prime factors of w(l)?
5
Let a(b) = -b**3 - b**2 - 2*b - 1. Let c be a(-3). Suppose -7 = 4*m - c. Suppose -1 = -3*z - t + 32, -3*z + m*t = -48. List the prime factors of z.
2, 3
Let i = 14 - 11. Let s = 17 - i. What are the prime factors of s?
2, 7
Let m(k) be the first derivative of -k**3/3 - 4*k**2 + 2*k - 2. What are the prime factors of m(-8)?
2
Suppose 5*v + a - 25 = -0*a, 23 = 3*v - a. Let j(w) = 2*w - 5. What are the prime factors of j(v)?
7
Suppose -2*y = p - 5*y - 42, -2*p - 3*y = -102. What are the prime factors of p?
2, 3
Suppose 4*q = 2*n + 60, n - 2*n - q = 39. Let d = n - -69. List the prime factors of d.
3, 11
Suppose s + 27 = 4*s + 4*l, -5*s - l = -62. List the prime factors of s.
13
Let r(q) = 2*q**2 - 1. Let s be r(-3). Suppose -s = -2*v - 3. List the prime factors of v.
7
Let u be (-16 - -1)*(-2)/6. Let p = 11 - u. Let k = p - 2. What are the prime factors of k?
2
Let j(r) be the first derivative of -r**4/4 + 2*r**3/3 + r**2/2 + 2*r - 2. Let f be j(3). List the prime factors of (22 - 8)*(-6)/f.
3, 7
Let m be 4 + 1/2*-2. Suppose 18 + 15 = m*l. List the prime factors of l.
11
Suppose 0 = -2*s - 6 + 8. Suppose r - 14 = -s. List the prime factors of r.
13
Let o(k) = k**2 - 4*k + 5. Let v be o(5). Let r(a) = -a + 12. List the prime factors of r(v).
2
Let r = 53 + 68. What are the prime factors of r?
11
List the prime factors of ((-66)/4)/((-2)/4).
3, 11
Let s = 5 - -70. List the prime factors of s.
3, 5
Suppose 0 = m - 58 - 27. What are the prime factors of m?
5, 17
Let n(r) = -14*r + 1. Let f(k) = k. Let p(g) = 6*f(g) + n(g). Let o = 2 - 4. List the prime factors of p(o).
17
Let o = -4 + 6. Suppose -o*f - 24 = 2*f. Let p(m) = -m - 4. List the prime factors of p(f).
2
Let b(u) = 16*u - 5. Let g be b(4). Let z = 36 - g. Let y = 34 + z. List the prime factors of y.
11
Let f(s) = s - 9. Let c be f(5). What are the prime factors of (-81)/c - (-7)/(-28)?
2, 5
Let l = -7 - -7. Suppose l*w = -3*w - 6. What are the prime factors of 3/w*(-6 + 2)?
2, 3
Let t be (-6)/((-2)/((-4)/(-3))). Suppose 0 = -t*z + 3*z + 3. Suppose -7 - 4 = y - z*p, -3*p = 2*y - 23. List the prime factors of y.
2
Let r = -71 + 196. Suppose -4*d = b - r, 3*d - 2*b - 95 = -3*b. List the prime factors of d.
2, 3, 5
Let d be 0 - (-2 + 2 + -1). List the prime factors of 12 - d/(1/(-3)).
3, 5
Let i(w) be the first derivative of w**4/4 + 4*w**3/3 - 7*w**2/2 - 3*w - 2. Let y be 4*(21/12 - 3). List the prime factors of i(y).
7
Suppose -10*f + 2*f = -672. List the prime factors of f.
2, 3, 7
Let d be ((-18)/(-4))/((-1)/(-2)). Suppose -2*w = -3*w + d. Let j = -1 + w. List the prime factors of j.
2
Let a be 4/(-24) - 85/(-6). Suppose -a*h = -10*h - 64. What are the prime factors of h?
2
Let w(u) = 3*u + 3. Suppose 4*l - 31 - 5 = 0. What are the prime factors of w(l)?
2, 3, 5
Let s be -41*(-3 - -2)*-1. Let l = 57 + s. What are the prime factors of l?
2
Let s = 126 - 85. What are the prime factors of s?
41
Let s = -1 + 1. Let v(y) = -3*y**2 + 4*y - 1. Let z(k) = 2*k**2 - 3*k. Let c(o) = -3*v(o) - 4*z(o). What are the prime factors of c(s)?
3
Let f(p) = p - 2. Let y(g) = 2*g - 1. Let l(h) = 3*f(h) - 2*y(h). Let o be l(0). List the prime factors of (1 + 0)/1 - o.
5
Let x be 8 - -2 - (2 + -1). What are the prime factors of x/(-27) - (-40)/3?
13
Let j = 24 - 12. What are the prime factors of j?
2, 3
Let j = 3 + -1. Suppose v + 5 = j*v. Suppose 0*a - v*a + 35 = 0. What are the prime factors of a?
7
Let h(v) = -v**3 + 2*v**2 + 2*v + 3. Let j be h(3). Suppose 5*i - 6*i = j. Let w = i + 6. List the prime factors of w.
2, 3
Suppose 4*f + 3*v = 901, -2*f - 3*v + 369 + 80 = 0. List the prime factors of f.
2, 113
Let n(i) = -i**3 + 7*i**2 + 12*i - 10. List the prime factors of n(7).
2, 37
Let z = -7 - -7. Suppose 2*a - 20 - 32 = z. What are the prime factors of a?
2, 13
Let m(s) be the first derivative of -3 - 1/3*s**3 - 5*s**2 - 8*s. List the prime factors of m(-7).
13
Suppose 5*w = 3*r - 27, 5 = -r + 3*w - 6*w. List the prime factors of (-51)/(-17) - -11*r.
47
Let x(p) = -p + 63. List the prime factors of x(0).
3, 7
Let m(r) = 3*r + 3. Let k be m(-2). Let v = k + -10. Let w = 21 + v. What are the prime factors of w?
2
Suppose 0 = f - 0*f + 5*z - 15, 5*f + 2*z = 6. Let o(g) = -g**2 + 10. What are the prime factors of o(f)?
2, 5
Let g be ((-6)/(-9))/((-2)/(-15)). Let a = g - 3. List the prime factors of -4 + a + 6 + 2.
2, 3
Suppose -5*b + 4 = w - 68, 3*w - b - 152 = 0. Let x be 2 - (0 - -1 - 2). Suppose 12 = -3*y, -x*i + w = -5*y + 17. What are the prime factors of i?
5
Suppose -4*b + n + 9 = 0, 0*b + 4*b + 3*n - 5 = 0. Suppose 3*f + 4*y + 0*y - 37 = 0, 2*f + b*y = 22. List the prime factors of f.
7
Let j = -91 + 173. What are the prime factors of j?
2, 41
Suppose 1329 = 4*s + 5*r, -3*s - 4*r = -1166 + 170. What are the prime factors of s?
2, 3, 7
Let i = 7 - -7. What are the prime factors of i?
2, 7
Let k(y) = -5*y - 10. Let a be k(0). Let t(i) = i**3 + 6*i**2 - 4. Let g be t(-4). Let z = a + g. List the prime factors of z.
2, 3
Let o = 8 + -12. Suppose -i + 5*i = 64. What are the prime factors of 23/4 - o/i?
2, 3
Let s be -4*1/(-2)*2. Let o = 1 - s. Let q(d) = -d**2 - 5*d + 1. What are the prime factors of q(o)?
7
Let s(j) = 11*j + 2. Let z be s(5). Let l = -20 + z. Suppose 7 - l = -5*d. What are the prime factors of d?
2, 3
Let c = 14 - 5. Let k = -1 + c. List the prime factors of k.
2
Suppose 6 = -y + 1. Let o(p) = -2*p**2 + 5*p + 6. Let z be o(y). List the prime factors of 1/2 + z/(-6).
2, 3
Let x = 2 + 2. Suppose -5*v - 110 + 307 = -2*g, -2*v + 98 = x*g. Suppose -3*q - 5*t = -v, -2*q = -5*t - 9 - 10. What are the prime factors of q?
2, 3
Let m = -10 + 30. Suppose -x - 2*k = -2*x + m, -5*k = 4*x - 80. What are the prime factors of x?
2, 5
Let i(c) = -51*c**3 - 2*c - 1. List the prime factors of i(-1).
2, 13
Suppose 0 = 4*h - d - 32, 5*d + 13 = h + 5. Let k = h + -4. List the prime factors of k.
2
Suppose 2*o = -2*o + 24. Suppose 0 = -t + o*t. Suppose 6*n - 36 = -2*i + 4*n, 5*i - 2*n - 55 = t. What are the prime factors of i?
13
Suppose 2*x - f - 170 = 3*f, 4*x = 5*f + 346. What are the prime factors of x?
89
Let b(g) = -g**3 - 12*g**2 - 7*g - 2. List the prime factors of b(-12).
2, 41
Let t = -15 - -21. Suppose 10 = -c + t*c. What are the prime factors of c?
2
Let p = 20 - 15. Suppose -p*z = -149 + 44. List the prime factors of z.
3, 7
List the prime factors of (-6)/4*102/(-3).
3, 17
Let d = 357 - 235. Suppose -22 = 5*u - d. What are the prime factors of u?
2, 5
Suppose 14 + 6 = 4*q. Suppose 2*k - 20 = -k - 4*x, q*k = 2*x + 42. What are the prime factors of k?
2
Suppose -8 = -5*j + 12. Suppose -23 = j*s - 7. List the prime factors of (-6)/s*32/3.
2
Suppose 10*d = 574 + 156. List the prime factors of d.
73
Suppose -2*r + 1 = 19. What are the prime factors of (-30)/r*36/8?
3, 5
Let q(w) = 23*w**2 - 3*w - 1. List the prime factors of q(-2).
97
Let k(l) = -l**3 - 6*l**2 + 3*l + 9. What are the prime factors of k(-7)?
37
List the prime factors of (4/(-8))/((-3)/6) - -22.
23
Let z be (-19)/(-2 + (-2 - -5)). Let m = -15 - z. What are the prime factors of m?
2
Let w(n) = n**2 - 6*n - 4. What are the prime factors of w(9)?
23
Let w be -25 - (3 + -2 - -2). Let d = w - -47. What are the prime factors of d?
19
Let z(q) = -q**2 + 8*q - 3. Let f be z(8). Let l = 7 + f. Suppose -l*y 